{"id":12,"date":"2024-10-30T12:55:07","date_gmt":"2024-10-30T11:55:07","guid":{"rendered":"https:\/\/www.jan-timko.eu\/?page_id=12"},"modified":"2025-07-25T08:54:39","modified_gmt":"2025-07-25T06:54:39","slug":"domov","status":"publish","type":"page","link":"https:\/\/www.jan-timko.eu\/","title":{"rendered":"domov"},"content":{"rendered":"<p>[et_pb_section fb_built=&#8220;1&#8243; make_equal=&#8220;on&#8220; specialty=&#8220;on&#8220; background_color_2=&#8220;#FFFFFF&#8220; padding_top_1=&#8220;16vw&#8220; padding_bottom_1=&#8220;16vw&#8220; padding_top_bottom_link_1=&#8220;true&#8220; padding_left_right_link_1=&#8220;false&#8220; _builder_version=&#8220;4.27.2&#8243; _module_preset=&#8220;default&#8220; background_image=&#8220;https:\/\/www.jan-timko.eu\/wp-content\/uploads\/2024\/10\/Poazia-krajiny-1.jpg&#8220; overflow-x=&#8220;hidden&#8220; overflow-y=&#8220;hidden&#8220; custom_padding=&#8220;0vw||0vw||true|false&#8220; global_colors_info=&#8220;{}&#8220;][et_pb_column type=&#8220;1_2&#8243; _builder_version=&#8220;4.16&#8243; _module_preset=&#8220;default&#8220; custom_padding=&#8220;|||&#8220; global_colors_info=&#8220;{}&#8220; custom_padding__hover=&#8220;|||&#8220;][et_pb_text _builder_version=&#8220;4.27.2&#8243; _module_preset=&#8220;fa876aa1-faaa-4ca6-87e1-ce6c6113f774&#8243; header_4_text_color=&#8220;#FFFFFF&#8220; locked=&#8220;off&#8220; global_colors_info=&#8220;{}&#8220;]<\/p>\n<h4>\u013eudov\u00fd umelec a fotograf<\/h4>\n<p>[\/et_pb_text][et_pb_text _builder_version=&#8220;4.27.2&#8243; _module_preset=&#8220;cfc94e07-74cf-4356-9d1f-3042e5af04cd&#8220; header_font=&#8220;Rhodium Libre|||on|||||&#8220; header_text_color=&#8220;#FFFFFF&#8220; header_font_size=&#8220;60px&#8220; locked=&#8220;off&#8220; global_colors_info=&#8220;{}&#8220;]<\/p>\n<h1>J\u00e1n Timko<\/h1>\n<p>[\/et_pb_text][et_pb_button button_url=&#8220;#praca&#8220; button_text=&#8220;Moja pr\u00e1ca&#8220; _builder_version=&#8220;4.27.4&#8243; _module_preset=&#8220;edf8ee7d-071e-4946-a8ca-38c1b437a7b7&#8243; button_text_size=&#8220;18px&#8220; button_text_color=&#8220;#FFFFFF&#8220; button_bg_use_color_gradient=&#8220;on&#8220; button_bg_color_gradient_direction=&#8220;90deg&#8220; button_bg_color_gradient_stops=&#8220;#2d3540 0%|rgba(133,166,160,0.5) 100%&#8220; locked=&#8220;off&#8220; global_colors_info=&#8220;{}&#8220;][\/et_pb_button][\/et_pb_column][et_pb_column type=&#8220;1_2&#8243; specialty_columns=&#8220;2&#8243; _builder_version=&#8220;4.16&#8243; _module_preset=&#8220;default&#8220; custom_padding=&#8220;|||&#8220; global_colors_info=&#8220;{}&#8220; custom_padding__hover=&#8220;|||&#8220;][et_pb_row_inner _builder_version=&#8220;4.20.0&#8243; _module_preset=&#8220;default&#8220; custom_padding=&#8220;0px||0px|||&#8220; global_colors_info=&#8220;{}&#8220;][et_pb_column_inner saved_specialty_column_type=&#8220;1_2&#8243; _builder_version=&#8220;4.20.0&#8243; _module_preset=&#8220;default&#8220; global_colors_info=&#8220;{}&#8220;][et_pb_image src=&#8220;https:\/\/www.jan-timko.eu\/wp-content\/uploads\/2024\/10\/HarmEnia-hdr-6.jpg&#8220; title_text=&#8220;HarmE\u0328nia hd\u030cr 6&#8243; _builder_version=&#8220;4.27.2&#8243; _module_preset=&#8220;default&#8220; custom_margin=&#8220;|-20vw|||false|false&#8220; locked=&#8220;off&#8220; global_colors_info=&#8220;{}&#8220;][\/et_pb_image][\/et_pb_column_inner][\/et_pb_row_inner][et_pb_row_inner _builder_version=&#8220;4.27.2&#8243; _module_preset=&#8220;default&#8220; background_color=&#8220;#FFFFFF&#8220; custom_margin=&#8220;|40px||40px|false|false&#8220; global_colors_info=&#8220;{}&#8220;][et_pb_column_inner saved_specialty_column_type=&#8220;1_2&#8243; _builder_version=&#8220;4.20.0&#8243; _module_preset=&#8220;default&#8220; global_colors_info=&#8220;{}&#8220;][et_pb_text _builder_version=&#8220;4.27.2&#8243; _module_preset=&#8220;32417e2c-9835-43bb-8c03-4f415cfc6042&#8243; text_text_color=&#8220;#486966&#8243; custom_padding_tablet=&#8220;0px||30px|30px|false|false&#8220; custom_padding_phone=&#8220;0px||||false|false&#8220; custom_padding_last_edited=&#8220;off|desktop&#8220; locked=&#8220;off&#8220; global_colors_info=&#8220;{}&#8220;]<\/p>\n<p>V srdci m\u00e1m zakorenen\u00fa l\u00e1sku k pr\u00edrode a trad\u00edci\u00e1m. Ostur\u0148a, t\u00e1to mal\u00e1 dedinka, je moj\u00edm \u00fato\u010diskom, kde nach\u00e1dzam in\u0161pir\u00e1ciu pre svoju tvorbu. S harmonikou v n\u00e1ru\u010d\u00ed sa nech\u00e1vam un\u00e1\u0161a\u0165 mel\u00f3diami na\u0161ich predkov a tvor\u00edm vlastn\u00e9 piesne, ktor\u00e9 rozpr\u00e1vaj\u00fa pr\u00edbehy o kr\u00e1se a jednoduchosti \u017eivota.<\/p>\n<p>[\/et_pb_text][\/et_pb_column_inner][\/et_pb_row_inner][\/et_pb_column][\/et_pb_section][et_pb_section fb_built=&#8220;1&#8243; disabled_on=&#8220;off|off|off&#8220; admin_label=&#8220;Footer&#8220; _builder_version=&#8220;4.27.4&#8243; _module_preset=&#8220;default&#8220; background_color=&#8220;#000000&#8243; hover_enabled=&#8220;0&#8243; saved_tabs=&#8220;all&#8220; collapsed=&#8220;on&#8220; global_colors_info=&#8220;{}&#8220; module_id=&#8220;praca&#8220; sticky_enabled=&#8220;0&#8243;][et_pb_row _builder_version=&#8220;4.20.0&#8243; _module_preset=&#8220;default&#8220; global_colors_info=&#8220;{}&#8220;][et_pb_column type=&#8220;4_4&#8243; _builder_version=&#8220;4.20.0&#8243; _module_preset=&#8220;default&#8220; global_colors_info=&#8220;{}&#8220;][et_pb_text _builder_version=&#8220;4.27.4&#8243; _module_preset=&#8220;cbe200bb-fa6f-4ab7-bdcf-9c89752daae2&#8243; header_font_size=&#8220;22px&#8220; header_2_text_color=&#8220;#FFFFFF&#8220; header_2_font_size=&#8220;40px&#8220; text_orientation=&#8220;center&#8220; global_colors_info=&#8220;{}&#8220;]<\/p>\n<h2><span class=\"s3\">Moja pr\u00e1ca chce aspo\u0148 kvapkou prispie\u0165 do hlbokej studne poznania, ktorej voda odr\u00e1\u017ea rozmanitos\u0165 kr<\/span><span class=\"s3\">\u00e1sy tvorstva.<\/span><\/h2>\n<div id=\"gtx-trans\" style=\"position: absolute; left: -29px; top: -4.08594px;\">\n<div class=\"gtx-trans-icon\"><\/div>\n<\/div>\n<p>[\/et_pb_text][et_pb_social_media_follow _builder_version=&#8220;4.27.4&#8243; _module_preset=&#8220;default&#8220; text_orientation=&#8220;center&#8220; text_orientation_tablet=&#8220;left&#8220; text_orientation_last_edited=&#8220;off|desktop&#8220; border_radii=&#8220;on|100px|100px|100px|100px&#8220; border_width_all=&#8220;1px&#8220; border_color_all=&#8220;#FFFFFF&#8220; locked=&#8220;off&#8220; global_colors_info=&#8220;{}&#8220;][et_pb_social_media_follow_network social_network=&#8220;facebook&#8220; url=&#8220;https:\/\/www.facebook.com\/jan.timko.129&#8243; _builder_version=&#8220;4.27.4&#8243; _module_preset=&#8220;default&#8220; custom_padding=&#8220;4px|4px|4px|4px|true|true&#8220; global_colors_info=&#8220;{}&#8220; follow_button=&#8220;off&#8220; url_new_window=&#8220;on&#8220;]facebook[\/et_pb_social_media_follow_network][et_pb_social_media_follow_network social_network=&#8220;twitter&#8220; _builder_version=&#8220;4.20.0&#8243; _module_preset=&#8220;default&#8220; custom_padding=&#8220;4px|4px|4px|4px|true|true&#8220; global_colors_info=&#8220;{}&#8220; follow_button=&#8220;off&#8220; url_new_window=&#8220;on&#8220;]twitter[\/et_pb_social_media_follow_network][et_pb_social_media_follow_network social_network=&#8220;instagram&#8220; _builder_version=&#8220;4.20.0&#8243; _module_preset=&#8220;default&#8220; custom_padding=&#8220;4px|4px|4px|4px|true|true&#8220; global_colors_info=&#8220;{}&#8220; follow_button=&#8220;off&#8220; url_new_window=&#8220;on&#8220;]instagram[\/et_pb_social_media_follow_network][et_pb_social_media_follow_network social_network=&#8220;linkedin&#8220; icon_color=&#8220;#FFFFFF&#8220; _builder_version=&#8220;4.27.4&#8243; _module_preset=&#8220;default&#8220; background_color=&#8220;#007bb6&#8243; global_colors_info=&#8220;{}&#8220; follow_button=&#8220;off&#8220; url_new_window=&#8220;on&#8220;]linkedin[\/et_pb_social_media_follow_network][\/et_pb_social_media_follow][et_pb_accordion open_toggle_text_color=&#8220;#025940&#8243; _builder_version=&#8220;4.27.4&#8243; _module_preset=&#8220;default&#8220; toggle_text_color=&#8220;#025940&#8243; toggle_font_size=&#8220;20px&#8220; body_text_color=&#8220;#014034&#8243; body_font_size=&#8220;16px&#8220; global_colors_info=&#8220;{}&#8220;][et_pb_accordion_item title=&#8220;Pre\u010do pr\u00e1ve tieto obrazy?&#8220; open=&#8220;on&#8220; _builder_version=&#8220;4.27.4&#8243; _module_preset=&#8220;default&#8220; global_colors_info=&#8220;{}&#8220;]<\/p>\n<p>V\u0161etky obrazy, ktor\u00e9 n\u00e1jdete na tejto webstr\u00e1nke s\u00fa origin\u00e1lne autorsk\u00e9 fotografie z Vysok\u00fdch a N\u00edzkych Tatier a ich okolia (a tie\u017e\u00a0nieko\u013eko fotografi\u00ed z niektor\u00fdch \u010fal\u0161\u00edch n\u00e1rodn\u00fdch parkov Slovenska a fotografie Jadransk\u00e9ho mora).<\/p>\n<p>[\/et_pb_accordion_item][et_pb_accordion_item title=&#8220;Na tejto webstr\u00e1nke n\u00e1jdete&#8220; _builder_version=&#8220;4.27.4&#8243; _module_preset=&#8220;default&#8220; global_colors_info=&#8220;{}&#8220; open=&#8220;off&#8220;]<\/p>\n<p>\u0161irok\u00fa \u0161k\u00e1lu mot\u00edvov \u0161pecifickej horskej krajin\u00e1rskej fotografie. Je to ucelen\u00e1 tvorba jedn\u00e9ho autora, \u010do m\u00f4\u017ee by\u0165 v\u00fdhodou napr. pri v\u00fdzdobe interi\u00e9rov viacer\u00fdmi obrazmi, ktor\u00e9 si tak zachov\u00e1vaj\u00fa jednotn\u00fd \u0161t\u00fdl a fotografick\u00fd rukopis autora.<\/p>\n<p>[\/et_pb_accordion_item][et_pb_accordion_item title=&#8220;Objednan\u00fd obraz je kompletn\u00fd,&#8220; _builder_version=&#8220;4.27.4&#8243; _module_preset=&#8220;default&#8220; global_colors_info=&#8220;{}&#8220; open=&#8220;off&#8220;]<\/p>\n<p>pripraven\u00fd na in\u0161tal\u00e1ciu. Nie je potrebn\u00e9 chodi\u0165 s fotografiou v digit\u00e1lnej forme do tla\u010diarne, ram\u00e1rskej dielne. Hotov\u00fd kvalitn\u00fd obraz V\u00e1m bude v\u010das dodan\u00fd v rozmere, ktor\u00fd ste si pri objedn\u00e1vke zvolili.<\/p>\n<p>[\/et_pb_accordion_item][\/et_pb_accordion][\/et_pb_column][\/et_pb_row][et_pb_row column_structure=&#8220;1_3,1_3,1_3&#8243; disabled_on=&#8220;on|on|on&#8220; _builder_version=&#8220;4.27.4&#8243; _module_preset=&#8220;default&#8220; border_color_all=&#8220;gcid-e6f8585f-043d-4f05-ad96-fb05b9e45208&#8243; border_width_top=&#8220;1px&#8220; disabled=&#8220;on&#8220; global_colors_info=&#8220;{%22gcid-e6f8585f-043d-4f05-ad96-fb05b9e45208%22:%91%22border_color_all%22%93}&#8220;][et_pb_column type=&#8220;1_3&#8243; _builder_version=&#8220;4.20.0&#8243; _module_preset=&#8220;default&#8220; global_colors_info=&#8220;{}&#8220;][et_pb_text _builder_version=&#8220;4.20.0&#8243; _module_preset=&#8220;7660525e-f3e0-4be0-afc0-b00bd1b5bdfa&#8220; header_5_text_color=&#8220;#FFFFFF&#8220; custom_margin=&#8220;||0px||false|false&#8220; text_orientation_tablet=&#8220;center&#8220; text_orientation_phone=&#8220;&#8220; text_orientation_last_edited=&#8220;on|tablet&#8220; global_colors_info=&#8220;{}&#8220;]<\/p>\n<h5>Location<\/h5>\n<p>[\/et_pb_text][et_pb_text _builder_version=&#8220;4.20.0&#8243; _module_preset=&#8220;4b03799d-7475-499b-a02c-c2364d798cca&#8220; link_text_color=&#8220;gcid-e6f8585f-043d-4f05-ad96-fb05b9e45208&#8243; text_orientation_tablet=&#8220;center&#8220; text_orientation_phone=&#8220;&#8220; text_orientation_last_edited=&#8220;on|tablet&#8220; global_colors_info=&#8220;{%22gcid-e6f8585f-043d-4f05-ad96-fb05b9e45208%22:%91%22link_text_color%22%93}&#8220;]<\/p>\n<p>San Francisco, CA<\/p>\n<p>[\/et_pb_text][\/et_pb_column][et_pb_column type=&#8220;1_3&#8243; _builder_version=&#8220;4.20.0&#8243; _module_preset=&#8220;default&#8220; global_colors_info=&#8220;{}&#8220;][et_pb_text _builder_version=&#8220;4.20.0&#8243; _module_preset=&#8220;7660525e-f3e0-4be0-afc0-b00bd1b5bdfa&#8220; header_5_text_color=&#8220;#FFFFFF&#8220; text_orientation=&#8220;center&#8220; custom_margin=&#8220;||0px||false|false&#8220; global_colors_info=&#8220;{}&#8220;]<\/p>\n<h5>Phone<\/h5>\n<p>[\/et_pb_text][et_pb_text _builder_version=&#8220;4.20.0&#8243; _module_preset=&#8220;4b03799d-7475-499b-a02c-c2364d798cca&#8220; link_text_color=&#8220;gcid-e6f8585f-043d-4f05-ad96-fb05b9e45208&#8243; text_orientation=&#8220;center&#8220; global_colors_info=&#8220;{%22gcid-e6f8585f-043d-4f05-ad96-fb05b9e45208%22:%91%22link_text_color%22%93}&#8220;]<\/p>\n<p>(255) 352-6258<\/p>\n<p>[\/et_pb_text][\/et_pb_column][et_pb_column type=&#8220;1_3&#8243; _builder_version=&#8220;4.20.0&#8243; _module_preset=&#8220;default&#8220; global_colors_info=&#8220;{}&#8220;][et_pb_text _builder_version=&#8220;4.20.0&#8243; _module_preset=&#8220;7660525e-f3e0-4be0-afc0-b00bd1b5bdfa&#8220; header_5_text_color=&#8220;#FFFFFF&#8220; text_orientation=&#8220;right&#8220; custom_margin=&#8220;||0px||false|false&#8220; text_orientation_tablet=&#8220;center&#8220; text_orientation_phone=&#8220;&#8220; text_orientation_last_edited=&#8220;on|tablet&#8220; global_colors_info=&#8220;{}&#8220;]<\/p>\n<h5>Email<\/h5>\n<p>[\/et_pb_text][et_pb_text _builder_version=&#8220;4.20.0&#8243; _module_preset=&#8220;4b03799d-7475-499b-a02c-c2364d798cca&#8220; link_text_color=&#8220;gcid-e6f8585f-043d-4f05-ad96-fb05b9e45208&#8243; text_orientation=&#8220;right&#8220; text_orientation_tablet=&#8220;center&#8220; text_orientation_phone=&#8220;&#8220; text_orientation_last_edited=&#8220;on|tablet&#8220; global_colors_info=&#8220;{%22gcid-e6f8585f-043d-4f05-ad96-fb05b9e45208%22:%91%22link_text_color%22%93}&#8220;]<a href=\"mailto:#\">hello@diviphotographer.com<\/a>[\/et_pb_text][\/et_pb_column][\/et_pb_row][\/et_pb_section]<\/p>\n","protected":false},"excerpt":{"rendered":"<p>\u013eudov\u00fd umelec a fotografJ\u00e1n TimkoV srdci m\u00e1m zakorenen\u00fa l\u00e1sku k pr\u00edrode a trad\u00edci\u00e1m. Ostur\u0148a, t\u00e1to mal\u00e1 dedinka, je moj\u00edm \u00fato\u010diskom, kde nach\u00e1dzam in\u0161pir\u00e1ciu pre svoju tvorbu. S harmonikou v n\u00e1ru\u010d\u00ed sa nech\u00e1vam un\u00e1\u0161a\u0165 mel\u00f3diami na\u0161ich predkov a tvor\u00edm vlastn\u00e9 piesne, ktor\u00e9 rozpr\u00e1vaj\u00fa pr\u00edbehy o kr\u00e1se a jednoduchosti \u017eivota.Moja pr\u00e1ca chce aspo\u0148 kvapkou prispie\u0165 do hlbokej [&hellip;]<\/p>\n","protected":false},"author":1,"featured_media":0,"parent":0,"menu_order":0,"comment_status":"closed","ping_status":"closed","template":"","meta":{"_et_pb_use_builder":"on","_et_pb_old_content":"","_et_gb_content_width":"","om_disable_all_campaigns":false,"_monsterinsights_skip_tracking":false,"_monsterinsights_sitenote_active":false,"_monsterinsights_sitenote_note":"","_monsterinsights_sitenote_category":0,"footnotes":""},"class_list":["post-12","page","type-page","status-publish","hentry"],"yoast_head":"<!-- This site is optimized with the Yoast SEO plugin v26.8 - https:\/\/yoast.com\/product\/yoast-seo-wordpress\/ -->\n<title>domov - J\u00e1n Timko<\/title>\n<meta name=\"robots\" content=\"index, follow, max-snippet:-1, max-image-preview:large, max-video-preview:-1\" \/>\n<link rel=\"canonical\" href=\"https:\/\/www.jan-timko.eu\/\" \/>\n<meta property=\"og:locale\" content=\"sk_SK\" \/>\n<meta property=\"og:type\" content=\"article\" \/>\n<meta property=\"og:title\" content=\"domov - J\u00e1n Timko\" \/>\n<meta property=\"og:description\" content=\"\u013eudov\u00fd umelec a fotografJ\u00e1n TimkoV srdci m\u00e1m zakorenen\u00fa l\u00e1sku k pr\u00edrode a trad\u00edci\u00e1m. Ostur\u0148a, t\u00e1to mal\u00e1 dedinka, je moj\u00edm \u00fato\u010diskom, kde nach\u00e1dzam in\u0161pir\u00e1ciu pre svoju tvorbu. S harmonikou v n\u00e1ru\u010d\u00ed sa nech\u00e1vam un\u00e1\u0161a\u0165 mel\u00f3diami na\u0161ich predkov a tvor\u00edm vlastn\u00e9 piesne, ktor\u00e9 rozpr\u00e1vaj\u00fa pr\u00edbehy o kr\u00e1se a jednoduchosti \u017eivota.Moja pr\u00e1ca chce aspo\u0148 kvapkou prispie\u0165 do hlbokej [&hellip;]\" \/>\n<meta property=\"og:url\" content=\"https:\/\/www.jan-timko.eu\/\" \/>\n<meta property=\"og:site_name\" content=\"J\u00e1n Timko\" \/>\n<meta property=\"article:modified_time\" content=\"2025-07-25T06:54:39+00:00\" \/>\n<meta name=\"twitter:card\" content=\"summary_large_image\" \/>\n<script type=\"application\/ld+json\" class=\"yoast-schema-graph\">{\"@context\":\"https:\/\/schema.org\",\"@graph\":[{\"@type\":\"WebPage\",\"@id\":\"https:\/\/www.jan-timko.eu\/\",\"url\":\"https:\/\/www.jan-timko.eu\/\",\"name\":\"domov - J\u00e1n Timko\",\"isPartOf\":{\"@id\":\"https:\/\/www.jan-timko.eu\/#website\"},\"datePublished\":\"2024-10-30T11:55:07+00:00\",\"dateModified\":\"2025-07-25T06:54:39+00:00\",\"breadcrumb\":{\"@id\":\"https:\/\/www.jan-timko.eu\/#breadcrumb\"},\"inLanguage\":\"sk-SK\",\"potentialAction\":[{\"@type\":\"ReadAction\",\"target\":[\"https:\/\/www.jan-timko.eu\/\"]}]},{\"@type\":\"BreadcrumbList\",\"@id\":\"https:\/\/www.jan-timko.eu\/#breadcrumb\",\"itemListElement\":[{\"@type\":\"ListItem\",\"position\":1,\"name\":\"Home\",\"item\":\"https:\/\/www.jan-timko.eu\/\"},{\"@type\":\"ListItem\",\"position\":2,\"name\":\"domov\"}]},{\"@type\":\"WebSite\",\"@id\":\"https:\/\/www.jan-timko.eu\/#website\",\"url\":\"https:\/\/www.jan-timko.eu\/\",\"name\":\"J\u00e1n Timko\",\"description\":\"\",\"potentialAction\":[{\"@type\":\"SearchAction\",\"target\":{\"@type\":\"EntryPoint\",\"urlTemplate\":\"https:\/\/www.jan-timko.eu\/?s={search_term_string}\"},\"query-input\":{\"@type\":\"PropertyValueSpecification\",\"valueRequired\":true,\"valueName\":\"search_term_string\"}}],\"inLanguage\":\"sk-SK\"}]}<\/script>\n<!-- \/ Yoast SEO plugin. -->","yoast_head_json":{"title":"domov - J\u00e1n Timko","robots":{"index":"index","follow":"follow","max-snippet":"max-snippet:-1","max-image-preview":"max-image-preview:large","max-video-preview":"max-video-preview:-1"},"canonical":"https:\/\/www.jan-timko.eu\/","og_locale":"sk_SK","og_type":"article","og_title":"domov - J\u00e1n Timko","og_description":"\u013eudov\u00fd umelec a fotografJ\u00e1n TimkoV srdci m\u00e1m zakorenen\u00fa l\u00e1sku k pr\u00edrode a trad\u00edci\u00e1m. Ostur\u0148a, t\u00e1to mal\u00e1 dedinka, je moj\u00edm \u00fato\u010diskom, kde nach\u00e1dzam in\u0161pir\u00e1ciu pre svoju tvorbu. S harmonikou v n\u00e1ru\u010d\u00ed sa nech\u00e1vam un\u00e1\u0161a\u0165 mel\u00f3diami na\u0161ich predkov a tvor\u00edm vlastn\u00e9 piesne, ktor\u00e9 rozpr\u00e1vaj\u00fa pr\u00edbehy o kr\u00e1se a jednoduchosti \u017eivota.Moja pr\u00e1ca chce aspo\u0148 kvapkou prispie\u0165 do hlbokej [&hellip;]","og_url":"https:\/\/www.jan-timko.eu\/","og_site_name":"J\u00e1n Timko","article_modified_time":"2025-07-25T06:54:39+00:00","twitter_card":"summary_large_image","schema":{"@context":"https:\/\/schema.org","@graph":[{"@type":"WebPage","@id":"https:\/\/www.jan-timko.eu\/","url":"https:\/\/www.jan-timko.eu\/","name":"domov - J\u00e1n Timko","isPartOf":{"@id":"https:\/\/www.jan-timko.eu\/#website"},"datePublished":"2024-10-30T11:55:07+00:00","dateModified":"2025-07-25T06:54:39+00:00","breadcrumb":{"@id":"https:\/\/www.jan-timko.eu\/#breadcrumb"},"inLanguage":"sk-SK","potentialAction":[{"@type":"ReadAction","target":["https:\/\/www.jan-timko.eu\/"]}]},{"@type":"BreadcrumbList","@id":"https:\/\/www.jan-timko.eu\/#breadcrumb","itemListElement":[{"@type":"ListItem","position":1,"name":"Home","item":"https:\/\/www.jan-timko.eu\/"},{"@type":"ListItem","position":2,"name":"domov"}]},{"@type":"WebSite","@id":"https:\/\/www.jan-timko.eu\/#website","url":"https:\/\/www.jan-timko.eu\/","name":"J\u00e1n Timko","description":"","potentialAction":[{"@type":"SearchAction","target":{"@type":"EntryPoint","urlTemplate":"https:\/\/www.jan-timko.eu\/?s={search_term_string}"},"query-input":{"@type":"PropertyValueSpecification","valueRequired":true,"valueName":"search_term_string"}}],"inLanguage":"sk-SK"}]}},"_links":{"self":[{"href":"https:\/\/www.jan-timko.eu\/index.php?rest_route=\/wp\/v2\/pages\/12","targetHints":{"allow":["GET"]}}],"collection":[{"href":"https:\/\/www.jan-timko.eu\/index.php?rest_route=\/wp\/v2\/pages"}],"about":[{"href":"https:\/\/www.jan-timko.eu\/index.php?rest_route=\/wp\/v2\/types\/page"}],"author":[{"embeddable":true,"href":"https:\/\/www.jan-timko.eu\/index.php?rest_route=\/wp\/v2\/users\/1"}],"replies":[{"embeddable":true,"href":"https:\/\/www.jan-timko.eu\/index.php?rest_route=%2Fwp%2Fv2%2Fcomments&post=12"}],"version-history":[{"count":6,"href":"https:\/\/www.jan-timko.eu\/index.php?rest_route=\/wp\/v2\/pages\/12\/revisions"}],"predecessor-version":[{"id":431,"href":"https:\/\/www.jan-timko.eu\/index.php?rest_route=\/wp\/v2\/pages\/12\/revisions\/431"}],"wp:attachment":[{"href":"https:\/\/www.jan-timko.eu\/index.php?rest_route=%2Fwp%2Fv2%2Fmedia&parent=12"}],"curies":[{"name":"wp","href":"https:\/\/api.w.org\/{rel}","templated":true}]}}